it of y?
2
Suppose 0 = -2*m - 2*h + 2952, 2*m + 5906 = 6*m + 5*h. What is the units digit of m?
4
Suppose -25*m + 10900 + 1575 = 0. What is the units digit of m?
9
Let s = 87 + -87. Suppose s = 5*i + 3*g - 562, -4*g = -7*g - 3. What is the hundreds digit of i?
1
What is the units digit of 1048570/345*(-6)/(-4)?
9
Suppose 8*z - 2965 = 1019. What is the units digit of z?
8
Let u(q) = 42*q**2 + 5*q - 1. Let a be u(4). Let i = a + -420. What is the hundreds digit of i?
2
Let m(l) = -l**3 - 19*l**2 - 19*l - 16. Let y be m(-18). Suppose 2*b = -f + 3 + 1, -60 = -5*f - y*b. What is the tens digit of (7/f)/((-1)/(-62))?
3
Suppose -35 = -4*m - 11. Suppose -m*o + 675 = -o. Let p = o + -85. What is the tens digit of p?
5
Let p(o) = -5*o + 19. Let q be p(-13). What is the tens digit of (36/21 - 2) + 21864/q?
6
Let n(h) be the first derivative of -h**4/4 - h**2 + 18*h - 19. What is the tens digit of n(0)?
1
Let g(s) = -5*s - 21. Let p be g(-6). Let t = 14 - p. What is the units digit of t?
5
Let i be -59 - ((-10)/(-2) - 2). What is the units digit of (-12)/28 - 31/(-7) - i?
6
Let q be 40/10 + (0 - -4). Suppose -j + q = v, -3*j - 5*v = j - 34. Let g(a) = -a**3 + 8*a**2 - 3*a + 3. What is the units digit of g(j)?
7
Suppose -6 = -2*i - b + 4, 0 = 2*i + 2*b - 6. Suppose i*h = 4*h + 9. Suppose -3*r + 2*q = -130, 39 = 3*r + h*q - 66. What is the units digit of r?
0
Suppose 3*o - 6 = 0, -o + 4 = 2*r - 2*o. Suppose 0 = -r*d + 376 + 374. What is the units digit of d?
0
What is the units digit of (4 - (-55)/(-10))*(-111 + 1)?
5
Let g = 2875 - -1269. What is the thousands digit of g?
4
Suppose 20 = 3*h + 8, 0 = -s + 2*h + 670. What is the hundreds digit of s?
6
Let s = 4 + 6. Suppose -2*b - 4 = 2*j, -5*b + 1 + s = -2*j. What is the units digit of 10/j*27/(-2)?
5
Suppose -2*q - 3 = 3*q + u, -5*u + 8 = 2*q. What is the hundreds digit of q*8/12*(-651)/2?
2
Suppose -2*w = 4*r - 6*r + 76, -4*r - 3*w + 138 = 0. Let s(x) = -3*x - 5. Let q be s(4). Let f = r - q. What is the tens digit of f?
5
Let c = -2796 - -8196. What is the tens digit of c?
0
Suppose 4*l - 17 + 2 = -3*u, 5*l - 10 = 5*u. Suppose l*n - 58 = 374. What is the hundreds digit of n?
1
Let j(o) = -13*o + 85. Let k(x) = -19*x + 128. Let l(r) = 8*j(r) - 5*k(r). What is the units digit of l(-7)?
3
Let s(p) = 3*p**2 + 3*p - 2. Let f(d) = 10*d**2 + 8*d - 6. Let w(y) = -2*f(y) + 7*s(y). Let v be w(-4). Let q = v + 16. What is the tens digit of q?
1
Suppose 2*r - 25 = 7*r. Let z(n) = -1 - n**2 + 1 - 2 - 6*n. What is the units digit of z(r)?
3
Let x(l) = l + 16. Suppose f + 8 = k + 2*k, -5*k + 13 = -2*f. Suppose -5*r = -k*r + 18. What is the units digit of x(r)?
7
Suppose 33*d + 36*d = 104466. What is the units digit of d?
4
Let i(j) = 11*j**2 + 15*j + 12. What is the hundreds digit of i(6)?
4
Suppose 0 = 5*k - 4*s + 473, 3*s - 67 - 215 = 3*k. Suppose h - 5*w + 148 = 0, 2*h - 3*w + 266 = -8*w. Let m = k - h. What is the tens digit of m?
4
Let m(h) = -h**3 + 4*h + 3. Let c be m(-2). Let n(b) = 0*b**2 - 7*b + 2*b**2 + 5 - c*b. What is the units digit of n(8)?
3
Let z(o) = o - 8. Let w(p) = 2*p + 9. Let a be w(0). Let c be z(a). What is the units digit of (0/c)/1 + 20?
0
Suppose -21 + 66 = -3*g. What is the units digit of (4/(-10))/(1/g)?
6
Let t = -841 + 1343. What is the units digit of t?
2
Suppose -8 = -0*x - 4*x. Suppose 0 = 5*m - 7 - 23. Suppose -x*i - m = 0, -3*k - 4*i + 9 = -6. What is the units digit of k?
9
What is the tens digit of 0/(3 + -3 + 1) - -2353?
5
Let z be (4 - 9)/(2/6). Let b = z - -16. What is the tens digit of (-438)/(-10) - b/(-5)?
4
Suppose 5*v + s - 680 = 0, -3*s = -10 + 25. Suppose -4*l + 1061 - v = 0. What is the tens digit of l?
3
Let l be (-2)/((-4)/2256*-2). Let b be (l/8)/(1/(-2)). Suppose 4*s - 3*w = b, 5*s - 3*w = w + 176. What is the units digit of s?
6
Suppose -2*t + 2*k + 350 = -t, t - 341 = 5*k. What is the hundreds digit of t?
3
Suppose d - 5*v = 199, 446 + 262 = 4*d + 2*v. What is the hundreds digit of d?
1
Let y = -1056 + 1937. What is the units digit of y?
1
Let x = -78 + 152. Let h = x + -43. What is the tens digit of h?
3
Let v(z) = 10*z**2 + 5*z + 15 - 5*z - z - 20 - z**3. What is the units digit of v(9)?
7
Suppose -1619 = -7*o - 268. What is the tens digit of o?
9
Suppose 0*v + 3*v + 249 = 4*t, -5*t + 5*v + 305 = 0. Suppose 61*z - t*z + 775 = 0. What is the tens digit of z?
5
Suppose -5*n + 3*n + 2301 = 5*b, -5763 = -5*n - 2*b. What is the tens digit of n?
5
Suppose 2*z + 1 = 3. Let n(o) = o + 1. Let m be n(z). Suppose 45 = v + m*v. What is the tens digit of v?
1
Let u(a) = 213*a + 25. What is the hundreds digit of u(3)?
6
Suppose -3*q - 6 = 36. Let v be (15 + q)/((-1)/(-8)). Suppose k = 4*i + 76, -k + 39 = 5*i + v. What is the tens digit of k?
5
Let m = -9 + 11. Suppose m*i = -d + 4*d + 4, 0 = -d. Suppose 8 = i*v - 4. What is the units digit of v?
6
Let x(f) = 2*f + 2. Let n be x(4). What is the tens digit of (-672)/(-26) - n/(-65)?
2
Let l be (-4 - -4)*(-2)/(-4). Suppose -u + 21 + 70 = l. What is the units digit of u?
1
Let x(a) = 52*a**2 - 7*a - 4. What is the tens digit of x(-3)?
8
Suppose -w + 0*m + 4*m = -463, 3*w + m = 1350. What is the tens digit of w?
5
Suppose 0 = 76*o - 42*o - 51136. What is the units digit of o?
4
Let b(h) = -h - 9. Suppose 5*a = -11 - 49. Let z be b(a). Suppose 0 = c + 3*w - 22, z*c - 3*w + 5*w = 73. What is the units digit of c?
5
Suppose 0 = 3*p - 4*p - 3*c - 122, -3*c + 271 = -2*p. Let z = 247 + p. Suppose -v + 31 = m, m - z = -3*m - 2*v. What is the tens digit of m?
2
Suppose 0 = 3*a - 14 - 1. What is the units digit of 8/7 - a/35?
1
Let x be (2/(-1))/((-2)/4). Suppose -x*b = -9*b + 100. What is the units digit of b?
0
Let m be (3/(1/(-1)))/(-1 + 0). Suppose -484 = -3*w - 4*h, -m*w = -h + 4*h - 486. What is the units digit of w?
4
Suppose c + 2 = -a - 4*c, 0 = a - 4*c - 34. Let x be (a/15)/(4/10). Suppose 0 = -x*w + 106 + 23. What is the tens digit of w?
4
Suppose 0 = -4*f + 401 + 1027. What is the hundreds digit of f?
3
Let h(b) = 4 - 12*b - 7 - 19*b + 0. Let k be h(-3). Suppose -5*s = -13 - 2, -5*t - 5*s + k = 0. What is the units digit of t?
5
Suppose 19*m = 42*m - 43010. What is the thousands digit of m?
1
Suppose 0 = 2*x + 5*s - 1358, 3*s = 13*x - 15*x + 1358. What is the tens digit of x?
7
Let l(n) = 5*n + 7*n**2 - 2*n + 4 - 4*n - 2. Suppose m - 5 = -3*d, -5*d - m = -3 - 6. What is the units digit of l(d)?
8
Let l = -2958 + 5497. What is the units digit of l?
9
Suppose 6*p = -1052 + 404. Let g = p - -122. What is the tens digit of g?
1
Suppose -2*w + 1970 = 5*p, 4*w - 4 = 16. Let j = 551 - p. What is the hundreds digit of j?
1
Let r(k) = k**2 - 8*k - 78. What is the tens digit of r(34)?
0
Let u(j) = j**3 + 3*j**2 - 3*j + 8. Let v be u(-4). Let n = -36 + 53. Suppose 0 = -2*a - c + 4, -v*a - a + c + n = 0. What is the units digit of a?
3
Suppose -9*p = -6*p - 15. Suppose -p*y = -2*l - 2*l + 283, -4*l + 289 = y. What is the tens digit of l?
7
Let k(l) = -298*l + 377. What is the hundreds digit of k(-12)?
9
Let t = -84 - -182. Suppose t = 5*q - 117. What is the tens digit of q?
4
Let a = 733 + -376. What is the units digit of a?
7
Let y(u) = 4*u + 37. Let p be y(-10). Let h = p + 127. What is the tens digit of h?
2
Let c = -3084 - -4375. What is the hundreds digit of c?
2
Let l be (-5)/((6/(-3))/6). Let x be (-10)/l - (-4)/(-3). What is the units digit of (-22)/(-3) + x/6?
7
Let r(g) = -g**2 + 3*g + 1. Let l be r(3). Suppose -3*a = -8*a. Let h = a + l. What is the units digit of h?
1
Let r(h) = 10*h + 3. Let c(i) = -20*i - 6. Let u(g) = 2*c(g) + 5*r(g). Let b = 19 - 17. What is the units digit of u(b)?
3
Let q = -2525 + 3732. Suppose -12*h + q = -1469. What is the tens digit of h?
2
Suppose 2*n - 542 = -548, 4*n = -3*c + 9255. What is the units digit of c?
9
Suppose -j - 21 = -2*j. Let c = 81 - j. What is the units digit of c?
0
Suppose 0*j - 3*x + 1 = j, -2*x = j - 1. What is the tens digit of (-1)/(-1) + 9/j?
1
Let w(m) = -m**3 - 7*m**2 + 2*m + 16. Let j be w(-7). Suppose 3*x - 27 = 3*o, 3*x + j*x - o = 33. What is the units digit of x?
6
Suppose 34*b - 981 = 25*b. What is the hundreds digit of b?
1
What is the tens digit of (-1)/(24/1168*(-2)/6)?
4
Suppose -2*n - 7830 = 4*n. Let s be n/(-75) + (-3)/(-5). Let h = s + -2. What is the uni